ctors of 4360764.
2, 3, 363397
List the prime factors of 8319960.
2, 3, 5, 11, 191
What are the prime factors of 656283?
3, 218761
List the prime factors of 14659664.
2, 229, 4001
What are the prime factors of 13714014?
2, 3, 2285669
List the prime factors of 700736.
2, 10949
What are the prime factors of 380024?
2, 67, 709
What are the prime factors of 1665460?
2, 5, 83273
List the prime factors of 7801377.
3, 29, 89671
List the prime factors of 189230.
2, 5, 127, 149
What are the prime factors of 2397075?
3, 5, 31, 1031
What are the prime factors of 665793?
3, 24659
List the prime factors of 1313588.
2, 328397
What are the prime factors of 1029350?
2, 5, 7, 17, 173
What are the prime factors of 4748274?
2, 3, 87931
List the prime factors of 984167.
984167
List the prime factors of 814548.
2, 3, 7, 9697
What are the prime factors of 2384789?
11, 19709
What are the prime factors of 684726?
2, 3, 7, 17, 137
What are the prime factors of 95522?
2, 7, 6823
What are the prime factors of 3278?
2, 11, 149
What are the prime factors of 4869921?
3, 7, 231901
List the prime factors of 2079752.
2, 23, 89, 127
List the prime factors of 662133.
3, 17, 12983
What are the prime factors of 426010?
2, 5, 13, 29, 113
What are the prime factors of 245509?
11, 2029
What are the prime factors of 526652?
2, 7, 2687
List the prime factors of 4443238.
2, 211, 10529
What are the prime factors of 4155018?
2, 3, 7, 98929
What are the prime factors of 2445703?
13, 419, 449
List the prime factors of 1585482.
2, 3, 23, 11489
List the prime factors of 477500.
2, 5, 191
What are the prime factors of 976985?
5, 37, 5281
List the prime factors of 1127972.
2, 281993
What are the prime factors of 277959?
3, 11, 8423
List the prime factors of 10658818.
2, 89, 233, 257
List the prime factors of 792044.
2, 11, 47, 383
What are the prime factors of 16531719?
3, 5510573
What are the prime factors of 333860?
2, 5, 16693
What are the prime factors of 537021?
3, 59669
List the prime factors of 540997.
163, 3319
What are the prime factors of 3434748?
2, 3, 17, 113, 149
What are the prime factors of 690756?
2, 3, 11, 5233
What are the prime factors of 243515?
5, 113, 431
List the prime factors of 7341564.
2, 3, 349, 1753
List the prime factors of 117161.
11, 10651
List the prime factors of 735327.
3, 81703
What are the prime factors of 451349?
523, 863
What are the prime factors of 2647428?
2, 3, 7, 31517
What are the prime factors of 8599825?
5, 13, 47, 563
What are the prime factors of 9343370?
2, 5, 17, 53, 61
What are the prime factors of 363754?
2, 31, 5867
List the prime factors of 6392064.
2, 3, 7, 29, 41
What are the prime factors of 1912179?
3, 19, 33547
List the prime factors of 196973.
7, 19, 1481
List the prime factors of 7662947.
19, 21227
What are the prime factors of 1819974?
2, 3, 13, 23333
List the prime factors of 218996.
2, 53, 1033
List the prime factors of 1317195.
3, 5, 11, 887
List the prime factors of 489793.
489793
List the prime factors of 200112.
2, 3, 11, 379
What are the prime factors of 70597?
227, 311
List the prime factors of 17371486.
2, 11, 23, 3121
List the prime factors of 534930.
2, 3, 5, 11, 1621
List the prime factors of 7085611.
13, 37, 14731
What are the prime factors of 23756710?
2, 5, 2375671
List the prime factors of 4357664.
2, 136177
List the prime factors of 3205444.
2, 11, 263, 277
List the prime factors of 1346375.
5, 10771
List the prime factors of 5535959.
11, 13, 38713
List the prime factors of 21722617.
7, 17, 277, 659
List the prime factors of 909502.
2, 11, 41341
List the prime factors of 762967.
762967
List the prime factors of 450097.
659, 683
List the prime factors of 95393.
95393
What are the prime factors of 1249459?
19, 65761
List the prime factors of 28425151.
433, 65647
What are the prime factors of 438537?
3, 11, 97, 137
List the prime factors of 315724.
2, 17, 4643
List the prime factors of 272587.
7, 5563
What are the prime factors of 25734622?
2, 12867311
What are the prime factors of 1275268?
2, 318817
List the prime factors of 10235595.
3, 5, 682373
List the prime factors of 679207.
679207
What are the prime factors of 645140?
2, 5, 32257
List the prime factors of 13921221.
3, 223, 20809
List the prime factors of 535933.
19, 67, 421
List the prime factors of 27672397.
27672397
What are the prime factors of 376346?
2, 17, 11069
List the prime factors of 732426.
2, 3, 59, 2069
List the prime factors of 25551511.
127, 201193
List the prime factors of 77496.
2, 3, 3229
What are the prime factors of 17170930?
2, 5, 7, 245299
What are the prime factors of 5458?
2, 2729
List the prime factors of 1251652.
2, 211, 1483
List the prime factors of 196569.
3, 21841
What are the prime factors of 261000?
2, 3, 5, 29
List the prime factors of 2098419.
3, 103, 6791
What are the prime factors of 7775147?
757, 10271
List the prime factors of 267860.
2, 5, 59, 227
What are the prime factors of 3728105?
5, 745621
List the prime factors of 753849.
3, 83761
List the prime factors of 34839630.
2, 3, 5, 7, 17, 3253
List the prime factors of 1749912.
2, 3, 17, 4289
What are the prime factors of 1486692?
2, 3, 61, 677
List the prime factors of 409891.
409891
List the prime factors of 2735980.
2, 5, 13, 17, 619
What are the prime factors of 8054200?
2, 5, 7, 11, 523
List the prime factors of 2685199.
11, 244109
List the prime factors of 339470.
2, 5, 83, 409
What are the prime factors of 661908?
2, 3, 13, 4243
List the prime factors of 16547.
16547
What are the prime factors of 23709540?
2, 3, 5, 395159
List the prime factors of 2451861.
3, 89, 3061
List the prime factors of 318718.
2, 37, 59, 73
What are the prime factors of 1730551?
1730551
What are the prime factors of 160914?
2, 3, 13, 2063
List the prime factors of 14687589.
3, 7, 19, 131, 281
What are the prime factors of 13485055?
5, 53, 151, 337
What are the prime factors of 22382428?
2, 151, 37057
List the prime factors of 3147872.
2, 7, 13, 23, 47
List the prime factors of 4079554.
2, 2039777
List the prime factors of 957059.
957059
List the prime factors of 566853.
3, 7, 26993
List the prime factors of 455711.
455711
List the prime factors of 4364753.
499, 8747
List the prime factors of 478404.
2, 3, 97, 137
List the prime factors of 5647231.
5647231
What are the prime factors of 1385728?
2, 5413
List the prime factors of 11398532.
2, 2849633
What are the prime factors of 36415?
5, 7283
List the prime factors of 768127.
768127
List the prime factors of 14183286.
2, 3, 13, 181837
List the prime factors of 25160776.
2, 3145097
List the prime factors of 2105162.
2, 19, 55399
List the prime factors of 1820137.
11, 337, 491
What are the prime factors of 58518?
2, 3, 3251
List the prime factors of 2984446.
2, 1492223
What are the prime factors of 8946508?
2, 2236627
List the prime factors of 4201737.
3, 17, 82387
What are the prime factors of 17939?
17939
What are the prime factors of 389544?
2, 3, 16231
What are the prime factors of 6906805?
5, 907, 1523
List the prime factors of 1964592.
2, 3, 7, 1949
List the prime factors of 5146333.
1583, 3251
What are the prime factors of 112689?
3, 19, 659
What are the prime factors of 132241?
132241
What are the prime factors of 280302?
2, 3, 11, 31, 137
What are the prime factors of 11422237?
23, 73, 6803
List the prime factors of 334833.
3, 111611
What are the prime factors of 3282918?
2, 3, 257, 2129
What are the prime factors of 659650?
2, 5, 79, 167
What are the prime factors of 5620083?
3, 7, 31, 89, 97
What are the prime factors of 6825525?
3, 5, 7, 13001
What are the prime factors of 5295667?
13, 407359
List the prime factors of 16443852.
2, 3, 1370321
List the prime factors of 1160441.
43, 26987
What are the prime factors of 287577?
3, 10651
What are the prime factors of 16840881?
3, 73, 25633
What are the prime factors of 217931?
7, 163, 191
List the prime factors of 664603.
664603
List the prime factors of 400348.
2, 13, 7699
What are the prime factors of 1355482?
2, 23, 79, 373
List the prime factors of 138173.
7, 19739
List the prime factors of 48239.
48239
What are the prime factors of 3783109?
11, 19, 23, 787
What are the prime factors of 449842?
2, 224921
What are the prime factors of 48402?
2, 3, 2689
What are the prime factors o